2. Calculate s(f).
17
Let o(z) = -2*z + 40. Let i(v) = v**2 - 15*v + 3. Let j be i(19). Suppose -3*x - 16 = -j. Give o(x).
-2
Let s(k) be the second derivative of -k**5/20 - 3*k**4/2 - 28*k**3/3 + k**2 + 5178*k. Calculate s(-14).
2
Let k(f) = -f**3 + 10*f**2 + 4*f - 28. Suppose -97 = -10*t + 3*q, 52 = 5*t - 8*q + 10*q. Give k(t).
12
Let u be (-7)/(21/(-6)) - 1320/132. Let z(i) = -i**2 - 9*i - 11. What is z(u)?
-3
Let v(o) = 10*o - 117. Let g(s) = 11*s - 135. Let w(c) = -6*g(c) + 7*v(c). What is w(3)?
3
Let x(m) = 13*m + 34. Let v be x(-3). Let u be 0 + 0 + (v - 88/(-8)). Let q(w) = w**3 - 8*w**2 + 8*w - 4. Give q(u).
-28
Let w(b) = -b**2 + 3*b - 1. Suppose -s = -5, 3*s = -i - 0*s + 309. Let g = i + -292. Calculate w(g).
1
Let d(g) = -12*g + 23*g + 809*g**2 + 39 - 9*g - 831*g**2 - g**3. Calculate d(-22).
-5
Let f be -26 - (-6 - (-135)/15). Let b(y) = -y**2 - 30*y - 17. Give b(f).
12
Let p(u) = 5*u + 11. Let z be (162/12)/(-9)*(-2112)/(-144). Calculate p(z).
-99
Suppose -2*i = -5*y + 33, 18*i + 3*y = 19*i + 17. Let w(r) = -r**2 - 14*r + 11. Determine w(i).
11
Let i(l) = l**3 - 4*l**2 - 18*l + 39. Let p be i(6). Suppose -6*x - 15 = -x - 3*h, -p*h = 3*x + 9. Let m(w) = -w**3 - 3*w**2 + 4. Calculate m(x).
4
Let y = -369 - -373. Let h(w) = -4*w - 2*w + 2*w + y + 3*w. Let a be -1 + (-2 - -2) - 2. Give h(a).
7
Let g(p) = 2*p**3 - 3*p**2 - 4*p + 1. Let z(d) = 8*d**2 + 106*d + 123. Let b be z(-12). What is g(b)?
16
Let h(y) be the third derivative of 3 + 0*y - 1/120*y**6 - 1/8*y**4 - 1/6*y**5 + 2/3*y**3 + 6*y**2. Give h(-9).
-50
Let p(c) be the first derivative of 3*c**2/2 + 9*c + 2444. Determine p(-14).
-33
Let j(d) be the first derivative of d**3/6 - 13*d**2/2 - 63*d - 61. Let y(h) be the first derivative of j(h). Calculate y(0).
-13
Suppose w - 1 - 19 = 4*l, -2*l + 12 = 5*w. Suppose -w*i = -229 + 221. Let g(x) = x**3 - 3*x + 1. Calculate g(i).
3
Let u(z) be the first derivative of -3*z**4/4 + 2*z**2 + 2*z - 1851. Determine u(3).
-67
Let p(j) be the third derivative of 0*j**4 - 33*j**2 - 1/60*j**5 + 2 + 1/120*j**6 + 11/6*j**3 + 0*j. Determine p(0).
11
Let n(x) = -x**3 + 23*x**2 - 102*x - 4. Let f be n(6). Let o(h) be the third derivative of -h**5/30 - h**4/4 - 2*h**3/3 + h**2. Determine o(f).
-12
Suppose 5*p - 5 = 3*t - 9, -5*p = -5*t - 10. Let c(h) = h**2 + 6*h - 9. Let w(k) = -3*k**2 - 16*k + 29. Let a(f) = t*c(f) - 2*w(f). Give a(-10).
5
Let l(x) be the second derivative of 0 + 1/12*x**4 + 0*x**3 + 46*x - 1/20*x**5 + 0*x**2. Let j(z) = -z. Let o be j(1). Give l(o).
2
Suppose 5*w - 8 = k + 1, -4*w = -k - 7. Let z(q) = q - 1. Let b(t) = 32*t**3 - 3*t + 5 + 31*t**3 - 65*t**3. Let v(c) = k*b(c) + 3*z(c). Calculate v(-2).
18
Let b be (-4 - 0)/(-20)*5. Let p(m) = -m**3 + m**2 - m - 1. Let h(k) = 3*k**3 - 8*k**2 + 8*k - 3. Let s(l) = b*h(l) + 4*p(l). What is s(-5)?
-2
Let a(h) = -6*h + 56. Let p(d) = -d**3 + 3*d**2 - 16*d + 89. Let i be p(4). What is a(i)?
2
Suppose 7*j - 4*j = 3. Let t(f) = 16 - 16 + 13 - 16 + 2 - f. Calculate t(j).
-2
Let y = -735/2 - -1105/3. Let j(m) be the third derivative of -y*m**3 + 1/120*m**6 + 0*m + 0 + 2*m**2 + 1/8*m**4 - 1/15*m**5. Determine j(4).
7
Suppose -18 = 3*o - 4*b - 4, -2*o + 5*b - 21 = 0. Let w(h) = 3*h - 6 + 2 + 0 + 0*h - o*h. What is w(-13)?
-17
Let k(p) = 9*p**2 - 4*p + 6. Suppose 0 = 5*l + 25, 52*b - 51*b = 4*l + 23. Calculate k(b).
75
Let q(c) = 4*c**2 - 25*c + 18. Let k be q(6). Suppose 5*x + k = -x. Let y(m) = -2*m**3 - 3*m**2 - 4*m - 3. Determine y(x).
9
Let z be 0 - (5 - (-36)/(-18)). Let p(k) = -9*k - 22. Calculate p(z).
5
Let f(k) = k**3 + 4*k**2 - 3*k - 6. Suppose 4*x + n - 359 - 249 = 0, 2*n = -3*x + 456. Suppose 0 = 12*u - 50*u - x. What is f(u)?
6
Suppose -1692*b = -1720*b - 616. Let f(u) = -2*u**2 - 47*u - 64. What is f(b)?
2
Suppose 12*u + 5210 = 106238. Let g(s) = -1 - s - 8411*s**2 + 2*s + u*s**2. Calculate g(1).
8
Let w(u) = -2. Let b(c) = 2*c**2 - 10*c + 8. Let j(y) = -b(y) - 6*w(y). Let t(x) = 2*x**2 - 12*x - 5. Let f(p) = 6*j(p) + 5*t(p). Determine f(2).
-9
Let c(q) = q - 13. Let t(z) = -296*z - 300. Let x be t(-1). Calculate c(x).
-17
Let a(t) = t + 5. Let o(l) = -7. Let d(q) = -16. Let z(j) = -4*d(j) + 9*o(j). Let c(v) = a(v) - 6*z(v). What is c(8)?
7
Let f(w) = -10*w - 479. Let v = 5633 - 5681. What is f(v)?
1
Let a(k) = -26 - 56 - 8*k + 3*k - k. Let r be a(-15). Let x(h) = h**3 - 7*h**2 - 7*h - 8. What is x(r)?
0
Let c(h) = 0 - h**2 + 2*h**2 - h + 2. Let j(s) = -2*s**2 - 57 + 5*s**2 - 11*s**2 + 4*s - s**3 + 15*s**2. Let f be j(6). Give c(f).
8
Let i(z) = -11*z + 23018 - 23018. Calculate i(2).
-22
Suppose 350*x - 308 = 42. Let c(f) = 20*f**3 - 2*f**2 + 1. What is c(x)?
19
Let g(k) = k**3 + 10*k**2 + 12*k - 4. Suppose 8*n + 1505 - 1433 = 0. Determine g(n).
-31
Suppose -5*v + 3*s = 33, 4*v + s = -4*s - 19. Let g(m) = -30*m**2 + 2*m + 15. Let b(r) = -47*r**2 + 4*r + 23. Let u(o) = -7*b(o) + 11*g(o). What is u(v)?
4
Let d(v) be the third derivative of v**5/10 + 5*v**4/12 - 2*v**3 + 12925*v**2. Calculate d(-4).
44
Let i be ((-716)/(-537))/((-2)/3). Let f(l) = 6*l**2 + 7*l + 5. Give f(i).
15
Let j(s) = -7*s - 36. Let c be j(-20). Let y = c - 111. Let k(o) = -2*o - 2. Calculate k(y).
12
Let f(v) = -v**2 - 7*v + 76. Let n(x) = -x**2 - 44*x - 469. Let y be n(-19). Give f(y).
-2
Let z(y) = y**2 + 3*y + 4. Let j = 16 - 11. Suppose -t - 6 = 3*x, -4*t + 46 - 56 = 5*x. Suppose -9*p + j*p - 12 = t. Determine z(p).
4
Let d(o) = -23*o - 38. Let z(f) = -28*f - 40. Let p(j) = 6*d(j) - 5*z(j). What is p(5)?
-18
Let o(w) = -4*w - 2. Let m be 88/55*1*5. Suppose -m*x + 29 = -3. Determine o(x).
-18
Suppose 112*b = -734 - 162. Let y(o) = -o**3 - 6*o**2 + 15*o - 13. Give y(b).
-5
Let l(r) = -r**3 - 27*r**2 - 23*r + 69. Suppose 0 = 2*d - a + 54, -15*a - 22 = d - 13*a. What is l(d)?
-9
Let u(h) = -h - 31. Suppose 0*o - 2*o + 3*d + 20 = -4*o, 0 = -5*d. Calculate u(o).
-21
Suppose -3*h + 4*h = 0. Let o(k) = -8*k - 15. Let q(m) = -13*m - 29. Let j(d) = -5*o(d) + 3*q(d). Determine j(h).
-12
Let h = 2 + -2. Let x(v) = h + 8 + 0*v + v. Suppose 25 - 450 - 43 = 122*m + 508. Determine x(m).
0
Let o(d) = 57 + 53 + 56 - 181 + 12*d - 8*d. Calculate o(7).
13
Let u(p) = -12*p + 12540. Let k(t) = -3*t + 3251. Let g(j) = -54*k(j) + 14*u(j). Let o = 1 - -6. Calculate g(o).
-36
Let k(q) = q**2 - 39*q - 86. Let f be k(41). Let g(y) = 2*y - 17. Let w(a) = 4. Let t(s) = f*w(s) - g(s). Calculate t(-5).
11
Let w be 6/(-3) + ((-1122)/(-24))/(-17)*-4. Let k(z) = 11*z - 63. What is k(w)?
36
Let f be 248/14 + (616/98 - 6). Let y(k) = -14*k + 240. Calculate y(f).
-12
Let z(y) = 6*y + 20. Let v be z(-3). Let o(q) = 39*q**v - 4*q - 3 - 22*q**2 - 18*q**2 - 2. Give o(-5).
-10
Let u = 563 + -16889/30. Let s(c) be the third derivative of 1/12*c**4 - 1/60*c**6 + 0*c + 0 + u*c**5 + 7*c**2 + 1/6*c**3. Give s(-1).
3
Let q(r) = 1 - 1 + 8 + 5*r - 4*r - 2. Let j = 10 - 3. Suppose -3*i - j*n = -5*n - 1, -15 = -3*n. Determine q(i).
3
Let o(l) = l**2 - 15*l + 34. Suppose 2*q + 38*m - 33*m = 42, 3*m = q + 12. Determine o(q).
-20
Let u(k) = -8*k**2 + 55*k + 103. Let n(p) = -7*p**2 + 58*p + 93. Let g(f) = 5*n(f) - 4*u(f). Determine g(24).
5
Let u(p) = 73 + 6*p**2 - 55 - p**3 - 3*p + 47. Determine u(7).
-5
Let j(z) = -5*z + 4. Let t(l) = 4*l - 3. Let v(s) = 3*j(s) + 4*t(s). Let x(c) = 7*c + 4. Let a(u) = -6*v(u) + x(u). Let b = -12 + 12. Calculate a(b).
4
Suppose 0 = 44*r - 38*r - 24. Let j(v) = -32*v + 126. What is j(r)?
-2
Let r(o) be the third derivative of -1/24*o**4 - 1/15*o**5 - 1/6*o**3 + 0*o + 201*o**2 + 0 - 1/120*o**6. Give r(-4).
3
Let m(a) = -a**3 - 13*a**2 + a + 12. Let b(x) = -x**3 + 6*x**2 + 3*x + 4. Let j be b(0). Let y be (9 - (j + -6 + 8)) + -16. Determine m(y).
-1
Let c(s) = -2*s**3 - 30*s**2 - 18*s + 149. Let n be c(-14). Let x(v) be the third derivative of -v**6/120 + v**5/6 - 3*v**4/8 + 5*v**3/3 + v**2. Calculate x(n).
10
Let s(t) = -t**2 - 1. Let a(r) = -20*r**2 + r + 5. Let j(n) = a(n) + 4*s(n). Suppose 0 = 4*x - 0*x + 16, 2*l + 6 = -x. Determine j(l).
-24
Let d(f) = 3*f - 25. Let v(t) = t**2 - 3*t + 36. Let k(i) = 3*d(i) + 2*v(i). Let w be ((-1)/2)/(1/(-4)). Suppose 0 = 2*h + w*h + 12. Determine k(h).
6
Let k(p) = p - 1. Let x(l) = 3*l - 68. Let f be x(28). Suppose 4*s = 3*a - 13, -f + 3 = 5*a + 2*s. Give k(a).
-2
Let v(n) = -4*n - 566*n